{"id":3586,"date":"2012-09-25T13:19:34","date_gmt":"2012-09-25T17:19:34","guid":{"rendered":"http:\/\/philipharland.com\/greco-roman-associations\/?page_id=3586"},"modified":"2025-03-05T08:55:36","modified_gmt":"2025-03-05T13:55:36","slug":"contributors-of-translations-or-photos","status":"publish","type":"page","link":"https:\/\/philipharland.com\/greco-roman-associations\/welcome\/contributors-of-translations-or-photos\/","title":{"rendered":"Contributors"},"content":{"rendered":"<p>&nbsp;<\/p>\n<p><strong><em>Coordination of the project: <\/em><\/strong>Philip A. Harland (York University, Toronto), in consultation with Richard Last (Trent University), Richard S. Ascough (Queen&#8217;s University, Kingston), and John S. Kloppenborg (University of Toronto).<\/p>\n<p><strong><em>Website design: <\/em><\/strong>Philip Harland, administrator.\u00a0 (WordPress theme adapted from wplook and using Advanced Custom Fields plugin.)<\/p>\n<p><strong><em>Data input for the website:<\/em><\/strong>\u00a0 Richard Ascough, Maria Gullusci, Luke Hagemann, Philip Harland, Nina Kniazeva, Richard Last, Nelson Marques, Michael Martins, Victoria Muccilli, Liam O&#8217;Brien, Forrest Wilson.<\/p>\n<p><strong><em>How to contribute<\/em>:<\/strong>\u00a0 To contribute photos or translations to the project, please <a href=\"mailto:pharland@yorku.ca\">email Harland<\/a>.<\/p>\n<p><strong><em>Contributors of photos or translations<\/em><\/strong><\/p>\n<p>We&#8217;d like to thank the following for generously contributing photos or translations to the project:<\/p>\n<ul>\n<li>Ilias Arnaoutoglou (Academy of Athens): <a href=\"https:\/\/philipharland.com\/greco-roman-associations\/?s=IG XII,8 581\">IG XII,8 581<\/a> (co-trans. and photo).<\/li>\n<li>Merja Attia (Helsinki): 2 photos of painted graves from Sidon.<\/li>\n<li>Alain Bresson (University of Chicago): <a href=\"https:\/\/philipharland.com\/greco-roman-associations\/foundation-of-valeria-mousa-for-the-aristaian-brotherhood-involving-loans-i-bce-i-ce-2\/\" target=\"_blank\" rel=\"noopener noreferrer\">INeapolis I 43.<\/a><\/li>\n<li>Laurent Bricault (Universit\u00e9 de Toulouse II &#8211; Le Mirail) and l&#8217;\u00c9cole fran\u00e7aise d\u2019Ath\u00e8nes: Isis and Sarapis monuments in <a href=\"https:\/\/philipharland.com\/greco-roman-associations\/?s=Laurent+Bricault\" target=\"_blank\" rel=\"noopener noreferrer\">RICIS<\/a> (photos).<\/li>\n<li>Jason Borges (Durham Univeristy, doctoral program): photos of AGRW 134, 141, 191.<\/li>\n<li>Sebastian Brock (University of Oxford): English translation of Gabriel of Basra&#8217;s Syriac blueprint for guild regulations (<a href=\"https:\/\/philipharland.com\/greco-roman-associations\/regulations-of-a-syriac-christian-association-vi-ce\/\">link<\/a>).<\/li>\n<li>Alan Cadwallader (Charles Sturt University, Australia): 2 photos from Istanbul Archaeological Museum.<\/li>\n<li>Thomas Corsten (Universit\u00e4t Wien): 20 photographs of monuments from Bithynian Apameia, Kibyra, and Prusa by Olympos.<\/li>\n<li>Claire Hasenohr (Universit\u00e9 Bordeaux): <a href=\"https:\/\/philipharland.com\/greco-roman-associations\/?s=Hasenohr\">IDelos 1711, 1730, 1733, 1751, 1760<\/a> (photos).<\/li>\n<li>G. H. R. Horsley (University of New England, Armidale): <a href=\"http:\/\/www.philipharland.com\/greco-roman-associations\/?p=14080\" target=\"_blank\" rel=\"noopener noreferrer\">RICIS 114\/0202<\/a> (trans. of the Isis aretalogy from Maroneia, Thrace).<\/li>\n<li>Christopher P. Jones (Harvard University): <a href=\"https:\/\/philipharland.com\/greco-roman-associations\/?s=Christopher+P.+Jones\">IEph 3214 + IEph 3334, Letters of Hadrian from Alexandria Troas<\/a> (trans.)<\/li>\n<li>Martina Kob (Acad\u00e9mie de Montpellier, France): Photos of IDelos 1733 and 1764.<\/li>\n<li>Birgit van der Lans (University of Bergen): many inscription translations and photos.<\/li>\n<li>Richard Last (Trent University): data input and translations of early Christian guild inscriptions.<\/li>\n<li>Bruce Longenecker (Baylor University): Photo of IEph 2200A.<\/li>\n<li>Catharine C. Lorber and Oliver D. Hoover; Rob Freeman: photos of the coin of the Dionysiac performers (<a href=\"https:\/\/philipharland.com\/greco-roman-associations\/coin-issued-by-the-ionian-dionysiac-performers-155-145-bce\/\" target=\"_blank\" rel=\"noopener noreferrer\">link<\/a>).<\/li>\n<li>John L. McLaughlin (University of St. Michael&#8217;s College, University of Toronto): Aramaic <a href=\"https:\/\/philipharland.com\/greco-roman-associations\/?s=McLaughlin\" target=\"_blank\" rel=\"noopener noreferrer\"><em>marzeah<\/em> inscriptions<\/a> from Palmyra and Nabatea (trans.).<\/li>\n<li>Jenna Patteson: photo of AGRW 330.<\/li>\n<li>Rachel McRae (Kingston, Ontario): <a href=\"http:\/\/www.philipharland.com\/greco-roman-associations\/?p=11834\" target=\"_blank\" rel=\"noopener noreferrer\">Ammianos Menandrianos sarcophagus<\/a> from Hierapolis (photo).<\/li>\n<li>P. Roesch Archives (care of Dr Isabelle Pernin, curator of the collection, with assistance from Fabienne Marchand, University of Fribourg): Photos of monuments from Anthedon and from Tanagra in Boiotia HiSoMA (UMR5189) &#8211; MOM, Lyon (phRP 01064, 01069, 01070).<\/li>\n<li>Charlotte M. Rouech\u00e9 (King&#8217;s College London): <a href=\"https:\/\/philipharland.com\/greco-roman-associations\/?s=Charlotte+M.+Rouech%C3%A9\">IAph<\/a> (trans. and\/or photos).<\/li>\n<li>Holger Schwarzer (Westf\u00e4lische Wilhelms-Universit\u00e4t M\u00fcnster): <a href=\"http:\/\/www.philipharland.com\/greco-roman-associations\/?p=8939\">SEG 29 (1979), no. 1264<\/a> and <a href=\"http:\/\/www.philipharland.com\/greco-roman-associations\/?p=8942\">SEG 40 (1990), no. 1136<\/a>, from Pergamon (photos).<\/li>\n<li>Jonathan Ryan Stang (University of British Columbia): <a href=\"http:\/\/www.philipharland.com\/greco-roman-associations\/?p=12823http:\/\/\" target=\"_blank\" rel=\"noopener noreferrer\">CIG 3068<\/a> and <a href=\"http:\/\/www.philipharland.com\/greco-roman-associations\/?p=12901\" target=\"_blank\" rel=\"noopener noreferrer\">CIG 3069<\/a>, from Teos (trans.)<\/li>\n<li>Monika Tr\u00fcmper (University of North Carolina at Chapel Hill): <a href=\"https:\/\/philipharland.com\/greco-roman-associations\/?s=Monika+Tr%C3%BCmper\">IDelos 1520, 1778, 1779<\/a> (photos).<\/li>\n<li>Claire Tuan (France): <a href=\"https:\/\/philipharland.com\/greco-roman-associations\/?s=Claire+Tuan\" target=\"_blank\" rel=\"noopener noreferrer\">IDelos inscriptions<\/a> (many photos).<\/li>\n<\/ul>\n","protected":false},"excerpt":{"rendered":"<p>&nbsp; Coordination of the project: Philip A. Harland (York University, Toronto), in consultation with Richard Last (Trent University), Richard S. Ascough (Queen&#8217;s University, Kingston), and John S. Kloppenborg (University of Toronto). Website design: Philip Harland, administrator.\u00a0 (WordPress theme adapted from wplook and using Advanced Custom Fields plugin.) Data input for the website:\u00a0 Richard Ascough, Maria [&hellip;]<\/p>\n","protected":false},"author":17,"featured_media":0,"parent":14,"menu_order":0,"comment_status":"open","ping_status":"closed","template":"","meta":{"footnotes":""},"acf":[],"_links":{"self":[{"href":"https:\/\/philipharland.com\/greco-roman-associations\/wp-json\/wp\/v2\/pages\/3586"}],"collection":[{"href":"https:\/\/philipharland.com\/greco-roman-associations\/wp-json\/wp\/v2\/pages"}],"about":[{"href":"https:\/\/philipharland.com\/greco-roman-associations\/wp-json\/wp\/v2\/types\/page"}],"author":[{"embeddable":true,"href":"https:\/\/philipharland.com\/greco-roman-associations\/wp-json\/wp\/v2\/users\/17"}],"replies":[{"embeddable":true,"href":"https:\/\/philipharland.com\/greco-roman-associations\/wp-json\/wp\/v2\/comments?post=3586"}],"version-history":[{"count":10,"href":"https:\/\/philipharland.com\/greco-roman-associations\/wp-json\/wp\/v2\/pages\/3586\/revisions"}],"predecessor-version":[{"id":33034,"href":"https:\/\/philipharland.com\/greco-roman-associations\/wp-json\/wp\/v2\/pages\/3586\/revisions\/33034"}],"up":[{"embeddable":true,"href":"https:\/\/philipharland.com\/greco-roman-associations\/wp-json\/wp\/v2\/pages\/14"}],"wp:attachment":[{"href":"https:\/\/philipharland.com\/greco-roman-associations\/wp-json\/wp\/v2\/media?parent=3586"}],"curies":[{"name":"wp","href":"https:\/\/api.w.org\/{rel}","templated":true}]}}